{"id":571,"date":"2023-07-18T16:28:10","date_gmt":"2023-07-18T14:28:10","guid":{"rendered":"https:\/\/culturaindustria.it\/wordpress\/?page_id=571"},"modified":"2023-12-21T11:07:26","modified_gmt":"2023-12-21T10:07:26","slug":"documentario-video","status":"publish","type":"page","link":"https:\/\/culturaindustria.it\/wordpress\/documentario-video\/","title":{"rendered":"Documentario Video"},"content":{"rendered":"\n<p>Il video-documentario <em>&#8220;Breve ritratto di due industrie&#8221;<\/em> ha lo scopo di evocare il passato e il presente degli stabilimenti industriali della ex Malteria Tirrena \u2013 S.A.P.L.O. di Pomezia e della ex Pfizer di Latina (oggi AENOVA).<\/p>\n\n\n\n<div style=\"height:20px\" aria-hidden=\"true\" class=\"wp-block-spacer\"><\/div>\n\n\n\n<figure class=\"wp-block-gallery has-nested-images columns-default is-cropped wp-block-gallery-1 is-layout-flex wp-block-gallery-is-layout-flex\">\n<figure class=\"wp-block-image size-medium\"><a href=\"https:\/\/culturaindustria.it\/wordpress\/wp-content\/uploads\/2023\/11\/VIDEO-provincia-di-Latina-65.png\"><img loading=\"lazy\" decoding=\"async\" width=\"300\" height=\"196\" data-attachment-id=\"1233\" data-permalink=\"https:\/\/culturaindustria.it\/wordpress\/documentario-video\/video-provincia-di-latina-65-2\/\" data-orig-file=\"https:\/\/culturaindustria.it\/wordpress\/wp-content\/uploads\/2023\/11\/VIDEO-provincia-di-Latina-65.png\" data-orig-size=\"2280,1490\" data-comments-opened=\"0\" data-image-meta=\"{&quot;aperture&quot;:&quot;0&quot;,&quot;credit&quot;:&quot;&quot;,&quot;camera&quot;:&quot;&quot;,&quot;caption&quot;:&quot;&quot;,&quot;created_timestamp&quot;:&quot;0&quot;,&quot;copyright&quot;:&quot;&quot;,&quot;focal_length&quot;:&quot;0&quot;,&quot;iso&quot;:&quot;0&quot;,&quot;shutter_speed&quot;:&quot;0&quot;,&quot;title&quot;:&quot;&quot;,&quot;orientation&quot;:&quot;0&quot;}\" data-image-title=\"VIDEO provincia di Latina &amp;#8217;65\" data-image-description=\"\" data-image-caption=\"\" data-medium-file=\"https:\/\/culturaindustria.it\/wordpress\/wp-content\/uploads\/2023\/11\/VIDEO-provincia-di-Latina-65-300x196.png\" data-large-file=\"https:\/\/culturaindustria.it\/wordpress\/wp-content\/uploads\/2023\/11\/VIDEO-provincia-di-Latina-65-1024x669.png\" data-id=\"1233\" src=\"https:\/\/culturaindustria.it\/wordpress\/wp-content\/uploads\/2023\/11\/VIDEO-provincia-di-Latina-65-300x196.png\" alt=\"\" class=\"wp-image-1233\" srcset=\"https:\/\/culturaindustria.it\/wordpress\/wp-content\/uploads\/2023\/11\/VIDEO-provincia-di-Latina-65-300x196.png 300w, https:\/\/culturaindustria.it\/wordpress\/wp-content\/uploads\/2023\/11\/VIDEO-provincia-di-Latina-65-1024x669.png 1024w, https:\/\/culturaindustria.it\/wordpress\/wp-content\/uploads\/2023\/11\/VIDEO-provincia-di-Latina-65-768x502.png 768w, https:\/\/culturaindustria.it\/wordpress\/wp-content\/uploads\/2023\/11\/VIDEO-provincia-di-Latina-65-1536x1004.png 1536w, https:\/\/culturaindustria.it\/wordpress\/wp-content\/uploads\/2023\/11\/VIDEO-provincia-di-Latina-65-2048x1338.png 2048w, https:\/\/culturaindustria.it\/wordpress\/wp-content\/uploads\/2023\/11\/VIDEO-provincia-di-Latina-65-1568x1025.png 1568w\" sizes=\"auto, (max-width: 300px) 100vw, 300px\" \/><\/a><\/figure>\n<\/figure>\n\n\n\n<div style=\"height:20px\" aria-hidden=\"true\" class=\"wp-block-spacer\"><\/div>\n\n\n\n<p>Grazie ai materiali d&#8217;archivio, sia video che fotografici, alle testimonianze dirette di chi attualmente lavora nei due complessi, cos\u00ec come di coloro che a diverso titolo hanno contribuito alla conservazione degli archivi familiari, aziendali e istituzionali consultati, e infine alle riprese delle attuali dinamiche produttive e del contesto territoriale, si \u00e8 cercato di restituire la complessit\u00e0 e le potenzialit\u00e0 narrative che questi landmark industriali dell\u2019Agro Pontino, in attivit\u00e0 da oltre sessant\u2019anni, possono ancora trasmettere.<\/p>\n\n\n\n<div style=\"height:4px\" aria-hidden=\"true\" class=\"wp-block-spacer separatore\"><\/div>\n\n\n\n<div class=\"wp-block-columns bordo is-layout-flex wp-container-core-columns-is-layout-9d6595d7 wp-block-columns-is-layout-flex\" id=\"maffei\">\n<div class=\"wp-block-column is-layout-flow wp-block-column-is-layout-flow\" style=\"flex-basis:33.33%\">\n<figure class=\"wp-block-image size-large\"><img loading=\"lazy\" decoding=\"async\" width=\"1024\" height=\"768\" data-attachment-id=\"955\" data-permalink=\"https:\/\/culturaindustria.it\/wordpress\/foto-maffei\/\" data-orig-file=\"https:\/\/culturaindustria.it\/wordpress\/wp-content\/uploads\/2023\/10\/FOTO-Maffei.jpg\" data-orig-size=\"1440,1080\" data-comments-opened=\"0\" data-image-meta=\"{&quot;aperture&quot;:&quot;2.8&quot;,&quot;credit&quot;:&quot;&quot;,&quot;camera&quot;:&quot;DMC-GH4&quot;,&quot;caption&quot;:&quot;&quot;,&quot;created_timestamp&quot;:&quot;1599417566&quot;,&quot;copyright&quot;:&quot;&quot;,&quot;focal_length&quot;:&quot;35&quot;,&quot;iso&quot;:&quot;400&quot;,&quot;shutter_speed&quot;:&quot;0.00625&quot;,&quot;title&quot;:&quot;&quot;,&quot;orientation&quot;:&quot;1&quot;}\" data-image-title=\"FOTO Maffei\" data-image-description=\"\" data-image-caption=\"\" data-medium-file=\"https:\/\/culturaindustria.it\/wordpress\/wp-content\/uploads\/2023\/10\/FOTO-Maffei-300x225.jpg\" data-large-file=\"https:\/\/culturaindustria.it\/wordpress\/wp-content\/uploads\/2023\/10\/FOTO-Maffei-1024x768.jpg\" src=\"https:\/\/culturaindustria.it\/wordpress\/wp-content\/uploads\/2023\/10\/FOTO-Maffei-1024x768.jpg\" alt=\"\" class=\"wp-image-955\" srcset=\"https:\/\/culturaindustria.it\/wordpress\/wp-content\/uploads\/2023\/10\/FOTO-Maffei-1024x768.jpg 1024w, https:\/\/culturaindustria.it\/wordpress\/wp-content\/uploads\/2023\/10\/FOTO-Maffei-300x225.jpg 300w, https:\/\/culturaindustria.it\/wordpress\/wp-content\/uploads\/2023\/10\/FOTO-Maffei-768x576.jpg 768w, https:\/\/culturaindustria.it\/wordpress\/wp-content\/uploads\/2023\/10\/FOTO-Maffei.jpg 1440w\" sizes=\"auto, (max-width: 1024px) 100vw, 1024px\" \/><\/figure>\n<\/div>\n\n\n\n<div class=\"wp-block-column is-layout-flow wp-block-column-is-layout-flow\" style=\"flex-basis:66.66%\">\n<p><strong>DAVIDE MAFFEI <\/strong>(1982) vive e lavora a Modena.&nbsp;Dal 2012 si occupa come autore e regista di film documentari sull\u2019architettura e il design.&nbsp;Tra i suoi titoli&nbsp;<em>\u201cVillaggio Eni. Un piacevole soggiorno nel futuro\u201d<\/em>&nbsp;(2013),&nbsp;<em>\u201cLa fabbrica blu\u201d<\/em>&nbsp;(2016) e il dittico \u201c<em>Paradigma Olivetti<\/em>\u201d e \u201c<em>Prospettiva Olivetti<\/em>\u201d (2020). A novembre 2022 ha presentato il suo ultimo lavoro \u201c<em>Alfabeto Mangiarotti<\/em>\u201d, dedicato ad uno dei pi\u00f9 importanti progettisti del Novecento.<\/p>\n<\/div>\n<\/div>\n","protected":false},"excerpt":{"rendered":"<p>Il video-documentario &#8220;Breve ritratto di due industrie&#8221; ha lo scopo di evocare il passato e il presente degli stabilimenti industriali della ex Malteria Tirrena \u2013 S.A.P.L.O. di Pomezia e della ex Pfizer di Latina (oggi AENOVA). Grazie ai materiali d&#8217;archivio, sia video che fotografici, alle testimonianze dirette di chi attualmente lavora nei due complessi, cos\u00ec&hellip; <a class=\"more-link\" href=\"https:\/\/culturaindustria.it\/wordpress\/documentario-video\/\">Continua a leggere <span class=\"screen-reader-text\">Documentario Video<\/span><\/a><\/p>\n","protected":false},"author":1,"featured_media":956,"parent":0,"menu_order":0,"comment_status":"closed","ping_status":"closed","template":"","meta":{"footnotes":""},"class_list":["post-571","page","type-page","status-publish","has-post-thumbnail","hentry","entry"],"acf":{"id":8},"yoast_head":"<!-- This site is optimized with the Yoast SEO plugin v20.0 - https:\/\/yoast.com\/wordpress\/plugins\/seo\/ -->\n<title>Documentario Video - Carta della Cultura Industriale<\/title>\n<meta name=\"robots\" content=\"index, follow, max-snippet:-1, max-image-preview:large, max-video-preview:-1\" \/>\n<link rel=\"canonical\" href=\"https:\/\/culturaindustria.it\/wordpress\/documentario-video\/\" \/>\n<meta property=\"og:locale\" content=\"it_IT\" \/>\n<meta property=\"og:type\" content=\"article\" \/>\n<meta property=\"og:title\" content=\"Documentario Video - Carta della Cultura Industriale\" \/>\n<meta property=\"og:description\" content=\"Il video-documentario &#8220;Breve ritratto di due industrie&#8221; ha lo scopo di evocare il passato e il presente degli stabilimenti industriali della ex Malteria Tirrena \u2013 S.A.P.L.O. di Pomezia e della ex Pfizer di Latina (oggi AENOVA). Grazie ai materiali d&#8217;archivio, sia video che fotografici, alle testimonianze dirette di chi attualmente lavora nei due complessi, cos\u00ec&hellip; Continua a leggere Documentario Video\" \/>\n<meta property=\"og:url\" content=\"https:\/\/culturaindustria.it\/wordpress\/documentario-video\/\" \/>\n<meta property=\"og:site_name\" content=\"Carta della Cultura Industriale\" \/>\n<meta property=\"article:modified_time\" content=\"2023-12-21T10:07:26+00:00\" \/>\n<meta property=\"og:image\" content=\"https:\/\/culturaindustria.it\/wordpress\/wp-content\/uploads\/2023\/10\/VIDEO-provincia-di-Latina-65-1024x669.png\" \/>\n\t<meta property=\"og:image:width\" content=\"1024\" \/>\n\t<meta property=\"og:image:height\" content=\"669\" \/>\n\t<meta property=\"og:image:type\" content=\"image\/png\" \/>\n<meta name=\"twitter:card\" content=\"summary_large_image\" \/>\n<meta name=\"twitter:label1\" content=\"Tempo di lettura stimato\" \/>\n\t<meta name=\"twitter:data1\" content=\"1 minuto\" \/>\n<script type=\"application\/ld+json\" class=\"yoast-schema-graph\">{\"@context\":\"https:\/\/schema.org\",\"@graph\":[{\"@type\":\"WebPage\",\"@id\":\"https:\/\/culturaindustria.it\/wordpress\/documentario-video\/\",\"url\":\"https:\/\/culturaindustria.it\/wordpress\/documentario-video\/\",\"name\":\"Documentario Video - Carta della Cultura Industriale\",\"isPartOf\":{\"@id\":\"https:\/\/culturaindustria.it\/wordpress\/#website\"},\"datePublished\":\"2023-07-18T14:28:10+00:00\",\"dateModified\":\"2023-12-21T10:07:26+00:00\",\"breadcrumb\":{\"@id\":\"https:\/\/culturaindustria.it\/wordpress\/documentario-video\/#breadcrumb\"},\"inLanguage\":\"it-IT\",\"potentialAction\":[{\"@type\":\"ReadAction\",\"target\":[\"https:\/\/culturaindustria.it\/wordpress\/documentario-video\/\"]}]},{\"@type\":\"BreadcrumbList\",\"@id\":\"https:\/\/culturaindustria.it\/wordpress\/documentario-video\/#breadcrumb\",\"itemListElement\":[{\"@type\":\"ListItem\",\"position\":1,\"name\":\"Home\",\"item\":\"https:\/\/culturaindustria.it\/wordpress\/\"},{\"@type\":\"ListItem\",\"position\":2,\"name\":\"Documentario Video\"}]},{\"@type\":\"WebSite\",\"@id\":\"https:\/\/culturaindustria.it\/wordpress\/#website\",\"url\":\"https:\/\/culturaindustria.it\/wordpress\/\",\"name\":\"Carta della Cultura Industriale\",\"description\":\"\",\"publisher\":{\"@id\":\"https:\/\/culturaindustria.it\/wordpress\/#organization\"},\"potentialAction\":[{\"@type\":\"SearchAction\",\"target\":{\"@type\":\"EntryPoint\",\"urlTemplate\":\"https:\/\/culturaindustria.it\/wordpress\/?s={search_term_string}\"},\"query-input\":\"required name=search_term_string\"}],\"inLanguage\":\"it-IT\"},{\"@type\":\"Organization\",\"@id\":\"https:\/\/culturaindustria.it\/wordpress\/#organization\",\"name\":\"Carta della Cultura Industriale\",\"url\":\"https:\/\/culturaindustria.it\/wordpress\/\",\"logo\":{\"@type\":\"ImageObject\",\"inLanguage\":\"it-IT\",\"@id\":\"https:\/\/culturaindustria.it\/wordpress\/#\/schema\/logo\/image\/\",\"url\":\"https:\/\/culturaindustria.it\/wordpress\/wp-content\/uploads\/2023\/01\/CdCi.png\",\"contentUrl\":\"https:\/\/culturaindustria.it\/wordpress\/wp-content\/uploads\/2023\/01\/CdCi.png\",\"width\":475,\"height\":274,\"caption\":\"Carta della Cultura Industriale\"},\"image\":{\"@id\":\"https:\/\/culturaindustria.it\/wordpress\/#\/schema\/logo\/image\/\"}}]}<\/script>\n<!-- \/ Yoast SEO plugin. -->","yoast_head_json":{"title":"Documentario Video - Carta della Cultura Industriale","robots":{"index":"index","follow":"follow","max-snippet":"max-snippet:-1","max-image-preview":"max-image-preview:large","max-video-preview":"max-video-preview:-1"},"canonical":"https:\/\/culturaindustria.it\/wordpress\/documentario-video\/","og_locale":"it_IT","og_type":"article","og_title":"Documentario Video - Carta della Cultura Industriale","og_description":"Il video-documentario &#8220;Breve ritratto di due industrie&#8221; ha lo scopo di evocare il passato e il presente degli stabilimenti industriali della ex Malteria Tirrena \u2013 S.A.P.L.O. di Pomezia e della ex Pfizer di Latina (oggi AENOVA). Grazie ai materiali d&#8217;archivio, sia video che fotografici, alle testimonianze dirette di chi attualmente lavora nei due complessi, cos\u00ec&hellip; Continua a leggere Documentario Video","og_url":"https:\/\/culturaindustria.it\/wordpress\/documentario-video\/","og_site_name":"Carta della Cultura Industriale","article_modified_time":"2023-12-21T10:07:26+00:00","og_image":[{"width":1024,"height":669,"url":"https:\/\/culturaindustria.it\/wordpress\/wp-content\/uploads\/2023\/10\/VIDEO-provincia-di-Latina-65-1024x669.png","type":"image\/png"}],"twitter_card":"summary_large_image","twitter_misc":{"Tempo di lettura stimato":"1 minuto"},"schema":{"@context":"https:\/\/schema.org","@graph":[{"@type":"WebPage","@id":"https:\/\/culturaindustria.it\/wordpress\/documentario-video\/","url":"https:\/\/culturaindustria.it\/wordpress\/documentario-video\/","name":"Documentario Video - Carta della Cultura Industriale","isPartOf":{"@id":"https:\/\/culturaindustria.it\/wordpress\/#website"},"datePublished":"2023-07-18T14:28:10+00:00","dateModified":"2023-12-21T10:07:26+00:00","breadcrumb":{"@id":"https:\/\/culturaindustria.it\/wordpress\/documentario-video\/#breadcrumb"},"inLanguage":"it-IT","potentialAction":[{"@type":"ReadAction","target":["https:\/\/culturaindustria.it\/wordpress\/documentario-video\/"]}]},{"@type":"BreadcrumbList","@id":"https:\/\/culturaindustria.it\/wordpress\/documentario-video\/#breadcrumb","itemListElement":[{"@type":"ListItem","position":1,"name":"Home","item":"https:\/\/culturaindustria.it\/wordpress\/"},{"@type":"ListItem","position":2,"name":"Documentario Video"}]},{"@type":"WebSite","@id":"https:\/\/culturaindustria.it\/wordpress\/#website","url":"https:\/\/culturaindustria.it\/wordpress\/","name":"Carta della Cultura Industriale","description":"","publisher":{"@id":"https:\/\/culturaindustria.it\/wordpress\/#organization"},"potentialAction":[{"@type":"SearchAction","target":{"@type":"EntryPoint","urlTemplate":"https:\/\/culturaindustria.it\/wordpress\/?s={search_term_string}"},"query-input":"required name=search_term_string"}],"inLanguage":"it-IT"},{"@type":"Organization","@id":"https:\/\/culturaindustria.it\/wordpress\/#organization","name":"Carta della Cultura Industriale","url":"https:\/\/culturaindustria.it\/wordpress\/","logo":{"@type":"ImageObject","inLanguage":"it-IT","@id":"https:\/\/culturaindustria.it\/wordpress\/#\/schema\/logo\/image\/","url":"https:\/\/culturaindustria.it\/wordpress\/wp-content\/uploads\/2023\/01\/CdCi.png","contentUrl":"https:\/\/culturaindustria.it\/wordpress\/wp-content\/uploads\/2023\/01\/CdCi.png","width":475,"height":274,"caption":"Carta della Cultura Industriale"},"image":{"@id":"https:\/\/culturaindustria.it\/wordpress\/#\/schema\/logo\/image\/"}}]}},"jetpack_sharing_enabled":true,"_links":{"self":[{"href":"https:\/\/culturaindustria.it\/wordpress\/wp-json\/wp\/v2\/pages\/571","targetHints":{"allow":["GET"]}}],"collection":[{"href":"https:\/\/culturaindustria.it\/wordpress\/wp-json\/wp\/v2\/pages"}],"about":[{"href":"https:\/\/culturaindustria.it\/wordpress\/wp-json\/wp\/v2\/types\/page"}],"author":[{"embeddable":true,"href":"https:\/\/culturaindustria.it\/wordpress\/wp-json\/wp\/v2\/users\/1"}],"replies":[{"embeddable":true,"href":"https:\/\/culturaindustria.it\/wordpress\/wp-json\/wp\/v2\/comments?post=571"}],"version-history":[{"count":15,"href":"https:\/\/culturaindustria.it\/wordpress\/wp-json\/wp\/v2\/pages\/571\/revisions"}],"predecessor-version":[{"id":1733,"href":"https:\/\/culturaindustria.it\/wordpress\/wp-json\/wp\/v2\/pages\/571\/revisions\/1733"}],"wp:featuredmedia":[{"embeddable":true,"href":"https:\/\/culturaindustria.it\/wordpress\/wp-json\/wp\/v2\/media\/956"}],"wp:attachment":[{"href":"https:\/\/culturaindustria.it\/wordpress\/wp-json\/wp\/v2\/media?parent=571"}],"curies":[{"name":"wp","href":"https:\/\/api.w.org\/{rel}","templated":true}]}}